{"id":79,"date":"2020-11-04T18:47:10","date_gmt":"2020-11-04T17:47:10","guid":{"rendered":"https:\/\/les-egle.fr\/?page_id=79"},"modified":"2020-11-29T12:07:38","modified_gmt":"2020-11-29T11:07:38","slug":"programme","status":"publish","type":"page","link":"https:\/\/lesegles.org\/?page_id=79","title":{"rendered":"Programme"},"content":{"rendered":"\n<p><strong>Trois week-ends, trois th\u00e9matiques<\/strong> :<\/p>\n\n\n\n<p><strong><span class=\"has-inline-color has-vivid-cyan-blue-color\">1 &#8211; R\u00e9flexions sur l\u2019\u00e9cole <br>(14 et 15 novembre)<br><\/span><\/strong><br><strong><span class=\"has-inline-color has-vivid-cyan-blue-color\">2 &#8211; R\u00e9flexions sur les besoins, la place et les droits des enfants <br>(21 et 22 novembre)<br><br>3 \u2013 Prendre la libert\u00e9 et la responsabilit\u00e9 de l\u2019instruction et de l\u2019\u00e9ducation de ses enfants<\/span><\/strong><br><strong><span class=\"has-inline-color has-vivid-cyan-blue-color\">(28 et 29 novembre)<\/span><\/strong><\/p>\n\n\n\n<figure class=\"wp-block-image size-large\"><img loading=\"lazy\" width=\"400\" height=\"168\" src=\"https:\/\/les-egle.fr\/wp-content\/uploads\/2020\/11\/programme.png\" alt=\"\" class=\"wp-image-68\" srcset=\"https:\/\/lesegles.org\/wp-content\/uploads\/2020\/11\/programme.png 400w, https:\/\/lesegles.org\/wp-content\/uploads\/2020\/11\/programme-300x126.png 300w\" sizes=\"(max-width: 400px) 100vw, 400px\" \/><\/figure>\n\n\n\n<p id=\"block-211739ed-8bf6-4c36-be79-0e92d9395b84\">(les horaires d\u00e9finitifs seront communiqu\u00e9s sur les r\u00e9seaux sociaux)<\/p>\n\n\n\n<h2 id=\"block-f7a8df12-d243-4c62-bb21-964f6c1f3832\"><span class=\"has-inline-color has-vivid-green-cyan-color\">Premier week-end<\/span><\/h2>\n\n\n\n<p id=\"block-fca35eb1-4207-442d-8131-889568c5067c\"><span class=\"has-inline-color has-luminous-vivid-orange-color\">Th\u00e9matique : <\/span><br><span class=\"has-inline-color has-luminous-vivid-orange-color\">R\u00e9flexions sur l\u2019\u00e9cole<\/span><\/p>\n\n\n\n<hr class=\"wp-block-separator\"\/>\n\n\n\n<p class=\"has-text-align-center\" id=\"block-2e3dcbe1-7452-4dee-a937-26f40ce9e07e\"><strong><span class=\"has-inline-color has-vivid-cyan-blue-color\">Vendredi 13<\/span><\/strong> : soir\u00e9e \u00e0 21h <\/p>\n\n\n\n<p id=\"block-46a95c23-1ebc-41f8-a34b-a91217e05a52\"><strong>Soir\u00e9e d\u2019ouverture<\/strong><br>avec notamment <em>Daliborka Milovanovic, Yazid Arifi, Thierry Pardo<\/em>, <em>collectif EGLE<\/em><\/p>\n\n\n\n<hr class=\"wp-block-separator\"\/>\n\n\n\n<p class=\"has-text-align-center\" id=\"block-c8a64af8-5843-4cd8-8760-1b31e50dc222\"><strong><span class=\"has-inline-color has-vivid-cyan-blue-color\">Samedi 14<\/span><\/strong> : toute la journ\u00e9e<\/p>\n\n\n\n<p id=\"block-fe3bece5-a045-4930-b22c-577fd84ccc3c\"><strong>Dysfonctionnements et violence scolaires<\/strong><br><em>avec Juliette Speranza, collectif EGLE<\/em><\/p>\n\n\n\n<p id=\"block-28afee08-0233-41fe-b7a1-f0514f074958\"><strong>Accueillir les enfants \u00ab\u00a0atypiques\u00a0\u00bb, \u00ab\u00a0dys\u00a0\u00bb, TDA\/H, TSA, HPI&#8230; : la faillite de l&rsquo;\u00e9cole publique<\/strong><br><em>avec Claire de Rugeriis<\/em>, <em>Marcus Borios<\/em>, <em>Hugo Horiot<\/em><\/p>\n\n\n\n<p id=\"block-ceabeef7-6f4c-48d6-aaa1-a2bc3af4d06d\"><strong>Mythologie des valeurs de l&rsquo;\u00e9cole publique<\/strong><br><em>avec Fredy Fadel<\/em><\/p>\n\n\n\n<p id=\"block-039be580-aaf1-46e8-bb8c-19fa6b40bb07\"><strong>Un dialogue dans l&rsquo;impasse<\/strong><br><em>avec Thierry Pardo<\/em><\/p>\n\n\n\n<p class=\"has-text-align-center\"><span class=\"has-inline-color has-vivid-cyan-blue-color\"><strong>Dimanche 15<\/strong> <\/span>: toute la journ\u00e9e<\/p>\n\n\n\n<p id=\"block-7b6010eb-3ba7-4494-b0d4-18099bf6ebb5\"><strong>Des \u00e9coles et des p\u00e9dagogies plus centr\u00e9es sur l&rsquo;enfant<\/strong><br><em>avec Yazid Arifi, Emilie Roudier, Micka\u00ebl Jay<\/em><\/p>\n\n\n\n<p id=\"block-fff9c71b-2a87-46e6-afa9-85228d219dec\"><strong><strong>La violence syst\u00e9mique de l&rsquo;\u00e9cole<\/strong><\/strong><br><em>avec Fredy Fadel<\/em><\/p>\n\n\n\n<p id=\"block-195eb6a8-14f1-426a-9e2e-d3d75be0b083\"><strong>Un regard historique et psychohistorique sur l&rsquo;\u00e9cole<\/strong><br><em>avec Marc-Andr\u00e9 Cotton<\/em><\/p>\n\n\n\n<p id=\"block-7a33eba4-3b1f-42e7-a108-d1b339483e8b\"><strong><strong>Les difficiles relations entre les parents et l&rsquo;\u00e9cole<\/strong><\/strong><br><em>avec Catherine Dimonteil-Kremer, collectif EGLE<\/em><\/p>\n\n\n\n<hr class=\"wp-block-separator\"\/>\n\n\n\n<h2 class=\"has-text-align-left\"><span class=\"has-inline-color has-vivid-green-cyan-color\">Deuxi\u00e8me week-end<\/span> <\/h2>\n\n\n\n<p class=\"has-text-align-left\"><span class=\"has-inline-color has-luminous-vivid-orange-color\">Th\u00e9matique : <\/span><br><span class=\"has-inline-color has-luminous-vivid-orange-color\">R\u00e9flexions sur les besoins, les droits et la place des enfants<\/span> <span class=\"has-inline-color has-luminous-vivid-orange-color\">dans la soci\u00e9t\u00e9<\/span><\/p>\n\n\n\n<p class=\"has-text-align-center\"><strong><span class=\"has-inline-color has-vivid-cyan-blue-color\">Vendredi 20<\/span> <\/strong>: soir\u00e9e \u00e0 21h <\/p>\n\n\n\n<p class=\"has-text-align-left\"><span class=\"has-inline-color has-black-color\"><strong>Soir\u00e9e sp\u00e9ciale<\/strong><\/span> <strong>Journ\u00e9e des droits de l&rsquo;enfant : Regards d&rsquo;enfants sur les droits de l&rsquo;enfant<\/strong><br><em>avec Cassandra Meyers, Bastien Spenl\u00e9, Auriane &amp; Loline Fadel, Aurore Schneider, <em>Anouk<\/em><\/em>, <em>Lya et<\/em> <em>Ma\u00ebl<\/em><\/p>\n\n\n\n<p class=\"has-text-align-center\"><strong><span class=\"has-inline-color has-vivid-cyan-blue-color\">Samedi 21 <\/span><\/strong><span class=\"has-inline-color has-black-color\">:<\/span> toute la journ\u00e9e<\/p>\n\n\n\n<p><strong>Attachement et besoins \u00e9l\u00e9mentaires de l&rsquo;enfant<\/strong><br><em>avec Val\u00e9rie Vayer<\/em><\/p>\n\n\n\n<p><strong>La domination adulte, une oppression mal identifi\u00e9e<\/strong><br><em>avec Laurence Dudek et Yves Bonnardel<\/em><\/p>\n\n\n\n<p><strong>Droits des enfants et violence \u00e9ducative<\/strong><br><em>avec Daniel Delano\u00eb et Camille Pasquier<\/em>, Suan<\/p>\n\n\n\n<p><strong>La place de l&rsquo;enfant dans une soci\u00e9t\u00e9 d&rsquo;adultes<\/strong><br><em>avec Charlotte Marchandise, Viviane Roesch et Anne-Marie Rodenas<\/em><\/p>\n\n\n\n<p><strong>\u00ab\u00a0C&rsquo;est pour ton bien !\u00a0\u00bb : D\u00e9cider \u00e0 la place de l&rsquo;enfant<\/strong><br><em>avec Marjorie Bautista et Ramin Farhangi<\/em><\/p>\n\n\n\n<p class=\"has-text-align-center\"><strong><span class=\"has-inline-color has-vivid-cyan-blue-color\">Dimanche 22<\/span><\/strong> : toute la journ\u00e9e<\/p>\n\n\n\n<p><strong>Les enfants sont-ils de v\u00e9ritables humains ? \u00ab\u00a0Enfance\u00a0\u00bb et soci\u00e9t\u00e9 d\u00e9mocratique<\/strong><br><em>avec Bertrand Stern<\/em><\/p>\n\n\n\n<p><strong>Comment les enfants apprennent<\/strong><br>avec Laetitia Plisson et Maja Mijailovic<\/p>\n\n\n\n<p><strong>\u00c9ducation et \u00e9cologie<\/strong><br><em>avec Audrey Vernon et Emmanuelle Araujo<\/em><\/p>\n\n\n\n<p><strong>F\u00e9minismes et \u00e9ducation<\/strong><br><em>avec Sophie Baudry, Fabienne Lacoude et Sinaj<\/em><\/p>\n\n\n\n<hr class=\"wp-block-separator\"\/>\n\n\n\n<h2 class=\"has-text-align-left\"><span class=\"has-inline-color has-vivid-green-cyan-color\">Troisi\u00e8me week-end <\/span><\/h2>\n\n\n\n<p class=\"has-text-align-left\"><span class=\"has-inline-color has-luminous-vivid-orange-color\">Th\u00e9matique : <\/span><br><span class=\"has-inline-color has-luminous-vivid-orange-color\">Prendre la libert\u00e9 et la responsabilit\u00e9 de l\u2019instruction et de l\u2019\u00e9ducation de ses enfants<\/span><\/p>\n\n\n\n<p class=\"has-text-align-center\"><strong><span class=\"has-inline-color has-vivid-cyan-blue-color\">Samedi 28 <\/span><\/strong>: toute la journ\u00e9e<\/p>\n\n\n\n<p><strong>Mythes et pr\u00e9jug\u00e9s sur l&rsquo;IEF<\/strong><br><em>avec Claudia Renau, Suan, Bastien, Anais, Auriane<\/em><\/p>\n\n\n\n<p><strong>\u00c9tats des lieux, la loi, le projet liberticide<\/strong><br><em>avec Doriane Kocsinski, Alix Fourest , Gwenaelle Spenl\u00e9<\/em><\/p>\n\n\n\n<p><strong><strong>Obligation et devoir VS droit et libert\u00e9<\/strong><\/strong><br><em>avec Ramin Farhangi<\/em>, <em><em>Brigitte B.H.<\/em><\/em><\/p>\n\n\n\n<p><strong>Motivations et raisons de faire l&rsquo;IEF<\/strong><br><em>avec Isa-Lise<\/em><\/p>\n\n\n\n<p class=\"has-text-align-center\"><strong><span class=\"has-inline-color has-vivid-cyan-blue-color\">Dimanche 29<\/span><\/strong> : toute la journ\u00e9e<\/p>\n\n\n\n<p><strong>Les apprentissages autonomes<\/strong><br><em>avec <em>Sharlotte, Antoinette, Antoine, Brigitte B.H., et Verlaine<\/em><\/em><\/p>\n\n\n\n<p><strong>Ce que l&rsquo;IEF apporte \u00e0 la soci\u00e9t\u00e9<\/strong><br><em>avec Soline Lucas<\/em>,<em> <em><em>Christine<\/em> Campini<\/em><\/em>, <em>Bernadette Nozarian<\/em><\/p>\n\n\n\n<p><strong>Que deviennent les non-sco<\/strong><br><em>avec Cassandra Meyers, Auriane Fadel, Bastien Spenl\u00e9, Guillame Germain, Ana\u00efs Hourr\u00e8gue, Aurore Schneider, Pilar Maya, Marie-Elise Spenl\u00e9<\/em><\/p>\n\n\n\n<p><strong><strong>Un autre paradigme d\u2019\u00e9ducation &#8211; une soci\u00e9t\u00e9 descolaris\u00e9e<\/strong><\/strong><br><em>avec Val\u00e9rie Vincent, Lya, Oshin et Martha, Lily-Rose,<\/em><\/p>\n\n\n\n<p class=\"has-text-align-left\"><strong><strong><span class=\"has-inline-color has-black-color\">Conclusion<\/span><\/strong><span class=\"has-inline-color has-luminous-vivid-orange-color\"><br><strong>Synth\u00e8se et perspectives d&rsquo;action<\/strong><br><\/span><\/strong><em><span class=\"has-inline-color has-black-color\">avec Collectif EGLE<\/span><\/em><\/p>\n","protected":false},"excerpt":{"rendered":"<p>Trois week-ends, trois th\u00e9matiques : 1 &#8211; R\u00e9flexions sur l\u2019\u00e9cole (14 et 15 novembre)2 &#8211; R\u00e9flexions sur les besoins, la place et les droits des enfants (21 et 22 novembre) 3 \u2013 Prendre la libert\u00e9 et la responsabilit\u00e9 de l\u2019instruction et de l\u2019\u00e9ducation de ses enfants(28 et 29 novembre) (les horaires d\u00e9finitifs seront communiqu\u00e9s sur &hellip; <\/p>\n<p class=\"link-more\"><a href=\"https:\/\/lesegles.org\/?page_id=79\" class=\"more-link\">Continuer la lecture<span class=\"screen-reader-text\"> de &laquo;&nbsp;Programme&nbsp;&raquo;<\/span><\/a><\/p>\n","protected":false},"author":1,"featured_media":0,"parent":0,"menu_order":0,"comment_status":"closed","ping_status":"closed","template":"","meta":[],"_links":{"self":[{"href":"https:\/\/lesegles.org\/index.php?rest_route=\/wp\/v2\/pages\/79"}],"collection":[{"href":"https:\/\/lesegles.org\/index.php?rest_route=\/wp\/v2\/pages"}],"about":[{"href":"https:\/\/lesegles.org\/index.php?rest_route=\/wp\/v2\/types\/page"}],"author":[{"embeddable":true,"href":"https:\/\/lesegles.org\/index.php?rest_route=\/wp\/v2\/users\/1"}],"replies":[{"embeddable":true,"href":"https:\/\/lesegles.org\/index.php?rest_route=%2Fwp%2Fv2%2Fcomments&post=79"}],"version-history":[{"count":47,"href":"https:\/\/lesegles.org\/index.php?rest_route=\/wp\/v2\/pages\/79\/revisions"}],"predecessor-version":[{"id":675,"href":"https:\/\/lesegles.org\/index.php?rest_route=\/wp\/v2\/pages\/79\/revisions\/675"}],"wp:attachment":[{"href":"https:\/\/lesegles.org\/index.php?rest_route=%2Fwp%2Fv2%2Fmedia&parent=79"}],"curies":[{"name":"wp","href":"https:\/\/api.w.org\/{rel}","templated":true}]}}

<p><strong>Trois week-ends, trois thématiques</strong> :</p>



<p><strong><span class="has-inline-color has-vivid-cyan-blue-color">1 &#8211; Réflexions sur l’école <br>(14 et 15 novembre)<br></span></strong><br><strong><span class="has-inline-color has-vivid-cyan-blue-color">2 &#8211; Réflexions sur les besoins, la place et les droits des enfants <br>(21 et 22 novembre)<br><br>3 – Prendre la liberté et la responsabilité de l’instruction et de l’éducation de ses enfants</span></strong><br><strong><span class="has-inline-color has-vivid-cyan-blue-color">(28 et 29 novembre)</span></strong></p>



<figure class="wp-block-image size-large"><img loading="lazy" width="400" height="168" src="https://les-egle.fr/wp-content/uploads/2020/11/programme.png" alt="" class="wp-image-68" srcset="https://lesegles.org/wp-content/uploads/2020/11/programme.png 400w, https://lesegles.org/wp-content/uploads/2020/11/programme-300x126.png 300w" sizes="(max-width: 400px) 100vw, 400px" /></figure>



<p id="block-211739ed-8bf6-4c36-be79-0e92d9395b84">(les horaires définitifs seront communiqués sur les réseaux sociaux)</p>



<h2 id="block-f7a8df12-d243-4c62-bb21-964f6c1f3832"><span class="has-inline-color has-vivid-green-cyan-color">Premier week-end</span></h2>



<p id="block-fca35eb1-4207-442d-8131-889568c5067c"><span class="has-inline-color has-luminous-vivid-orange-color">Thématique : </span><br><span class="has-inline-color has-luminous-vivid-orange-color">Réflexions sur l’école</span></p>



<hr class="wp-block-separator"/>



<p class="has-text-align-center" id="block-2e3dcbe1-7452-4dee-a937-26f40ce9e07e"><strong><span class="has-inline-color has-vivid-cyan-blue-color">Vendredi 13</span></strong> : soirée à 21h </p>



<p id="block-46a95c23-1ebc-41f8-a34b-a91217e05a52"><strong>Soirée d’ouverture</strong><br>avec notamment <em>Daliborka Milovanovic, Yazid Arifi, Thierry Pardo</em>, <em>collectif EGLE</em></p>



<hr class="wp-block-separator"/>



<p class="has-text-align-center" id="block-c8a64af8-5843-4cd8-8760-1b31e50dc222"><strong><span class="has-inline-color has-vivid-cyan-blue-color">Samedi 14</span></strong> : toute la journée</p>



<p id="block-fe3bece5-a045-4930-b22c-577fd84ccc3c"><strong>Dysfonctionnements et violence scolaires</strong><br><em>avec Juliette Speranza, collectif EGLE</em></p>



<p id="block-28afee08-0233-41fe-b7a1-f0514f074958"><strong>Accueillir les enfants « atypiques », « dys », TDA/H, TSA, HPI&#8230; : la faillite de l&rsquo;école publique</strong><br><em>avec Claire de Rugeriis</em>, <em>Marcus Borios</em>, <em>Hugo Horiot</em></p>



<p id="block-ceabeef7-6f4c-48d6-aaa1-a2bc3af4d06d"><strong>Mythologie des valeurs de l&rsquo;école publique</strong><br><em>avec Fredy Fadel</em></p>



<p id="block-039be580-aaf1-46e8-bb8c-19fa6b40bb07"><strong>Un dialogue dans l&rsquo;impasse</strong><br><em>avec Thierry Pardo</em></p>



<p class="has-text-align-center"><span class="has-inline-color has-vivid-cyan-blue-color"><strong>Dimanche 15</strong> </span>: toute la journée</p>



<p id="block-7b6010eb-3ba7-4494-b0d4-18099bf6ebb5"><strong>Des écoles et des pédagogies plus centrées sur l&rsquo;enfant</strong><br><em>avec Yazid Arifi, Emilie Roudier, Mickaël Jay</em></p>



<p id="block-fff9c71b-2a87-46e6-afa9-85228d219dec"><strong><strong>La violence systémique de l&rsquo;école</strong></strong><br><em>avec Fredy Fadel</em></p>



<p id="block-195eb6a8-14f1-426a-9e2e-d3d75be0b083"><strong>Un regard historique et psychohistorique sur l&rsquo;école</strong><br><em>avec Marc-André Cotton</em></p>



<p id="block-7a33eba4-3b1f-42e7-a108-d1b339483e8b"><strong><strong>Les difficiles relations entre les parents et l&rsquo;école</strong></strong><br><em>avec Catherine Dimonteil-Kremer, collectif EGLE</em></p>



<hr class="wp-block-separator"/>



<h2 class="has-text-align-left"><span class="has-inline-color has-vivid-green-cyan-color">Deuxième week-end</span> </h2>



<p class="has-text-align-left"><span class="has-inline-color has-luminous-vivid-orange-color">Thématique : </span><br><span class="has-inline-color has-luminous-vivid-orange-color">Réflexions sur les besoins, les droits et la place des enfants</span> <span class="has-inline-color has-luminous-vivid-orange-color">dans la société</span></p>



<p class="has-text-align-center"><strong><span class="has-inline-color has-vivid-cyan-blue-color">Vendredi 20</span> </strong>: soirée à 21h </p>



<p class="has-text-align-left"><span class="has-inline-color has-black-color"><strong>Soirée spéciale</strong></span> <strong>Journée des droits de l&rsquo;enfant : Regards d&rsquo;enfants sur les droits de l&rsquo;enfant</strong><br><em>avec Cassandra Meyers, Bastien Spenlé, Auriane &amp; Loline Fadel, Aurore Schneider, <em>Anouk</em></em>, <em>Lya et</em> <em>Maël</em></p>



<p class="has-text-align-center"><strong><span class="has-inline-color has-vivid-cyan-blue-color">Samedi 21 </span></strong><span class="has-inline-color has-black-color">:</span> toute la journée</p>



<p><strong>Attachement et besoins élémentaires de l&rsquo;enfant</strong><br><em>avec Valérie Vayer</em></p>



<p><strong>La domination adulte, une oppression mal identifiée</strong><br><em>avec Laurence Dudek et Yves Bonnardel</em></p>



<p><strong>Droits des enfants et violence éducative</strong><br><em>avec Daniel Delanoë et Camille Pasquier</em>, Suan</p>



<p><strong>La place de l&rsquo;enfant dans une société d&rsquo;adultes</strong><br><em>avec Charlotte Marchandise, Viviane Roesch et Anne-Marie Rodenas</em></p>



<p><strong>« C&rsquo;est pour ton bien ! » : Décider à la place de l&rsquo;enfant</strong><br><em>avec Marjorie Bautista et Ramin Farhangi</em></p>



<p class="has-text-align-center"><strong><span class="has-inline-color has-vivid-cyan-blue-color">Dimanche 22</span></strong> : toute la journée</p>



<p><strong>Les enfants sont-ils de véritables humains ? « Enfance » et société démocratique</strong><br><em>avec Bertrand Stern</em></p>



<p><strong>Comment les enfants apprennent</strong><br>avec Laetitia Plisson et Maja Mijailovic</p>



<p><strong>Éducation et écologie</strong><br><em>avec Audrey Vernon et Emmanuelle Araujo</em></p>



<p><strong>Féminismes et éducation</strong><br><em>avec Sophie Baudry, Fabienne Lacoude et Sinaj</em></p>



<hr class="wp-block-separator"/>



<h2 class="has-text-align-left"><span class="has-inline-color has-vivid-green-cyan-color">Troisième week-end </span></h2>



<p class="has-text-align-left"><span class="has-inline-color has-luminous-vivid-orange-color">Thématique : </span><br><span class="has-inline-color has-luminous-vivid-orange-color">Prendre la liberté et la responsabilité de l’instruction et de l’éducation de ses enfants</span></p>



<p class="has-text-align-center"><strong><span class="has-inline-color has-vivid-cyan-blue-color">Samedi 28 </span></strong>: toute la journée</p>



<p><strong>Mythes et préjugés sur l&rsquo;IEF</strong><br><em>avec Claudia Renau, Suan, Bastien, Anais, Auriane</em></p>



<p><strong>États des lieux, la loi, le projet liberticide</strong><br><em>avec Doriane Kocsinski, Alix Fourest , Gwenaelle Spenlé</em></p>



<p><strong><strong>Obligation et devoir VS droit et liberté</strong></strong><br><em>avec Ramin Farhangi</em>, <em><em>Brigitte B.H.</em></em></p>



<p><strong>Motivations et raisons de faire l&rsquo;IEF</strong><br><em>avec Isa-Lise</em></p>



<p class="has-text-align-center"><strong><span class="has-inline-color has-vivid-cyan-blue-color">Dimanche 29</span></strong> : toute la journée</p>



<p><strong>Les apprentissages autonomes</strong><br><em>avec <em>Sharlotte, Antoinette, Antoine, Brigitte B.H., et Verlaine</em></em></p>



<p><strong>Ce que l&rsquo;IEF apporte à la société</strong><br><em>avec Soline Lucas</em>,<em> <em><em>Christine</em> Campini</em></em>, <em>Bernadette Nozarian</em></p>



<p><strong>Que deviennent les non-sco</strong><br><em>avec Cassandra Meyers, Auriane Fadel, Bastien Spenlé, Guillame Germain, Anaïs Hourrègue, Aurore Schneider, Pilar Maya, Marie-Elise Spenlé</em></p>



<p><strong><strong>Un autre paradigme d’éducation &#8211; une société descolarisée</strong></strong><br><em>avec Valérie Vincent, Lya, Oshin et Martha, Lily-Rose,</em></p>



<p class="has-text-align-left"><strong><strong><span class="has-inline-color has-black-color">Conclusion</span></strong><span class="has-inline-color has-luminous-vivid-orange-color"><br><strong>Synthèse et perspectives d&rsquo;action</strong><br></span></strong><em><span class="has-inline-color has-black-color">avec Collectif EGLE</span></em></p>

<p>Trois week-ends, trois thématiques : 1 &#8211; Réflexions sur l’école (14 et 15 novembre)2 &#8211; Réflexions sur les besoins, la place et les droits des enfants (21 et 22 novembre) 3 – Prendre la liberté et la responsabilité de l’instruction et de l’éducation de ses enfants(28 et 29 novembre) (les horaires définitifs seront communiqués sur &hellip; </p>
<p class="link-more"><a href="https://lesegles.org/?page_id=79" class="more-link">Continuer la lecture<span class="screen-reader-text"> de &laquo;&nbsp;Programme&nbsp;&raquo;</span></a></p>
